= 0*p + 5*p - 3*p - 2*p**2 + p**v - 3*p**3. Give c(f).
4
Let v = -73 - -68. Let i(q) = -q**2 - 4*q + 4. Determine i(v).
-1
Let m(x) = 5*x - 6*x - 2 + 2*x. What is m(3)?
1
Let c(h) = h**2 - 10*h + 11. Let n(g) = 2*g**3 - 2*g**2. Let u be n(2). Let q be c(u). Let b(s) = s**2 + 7*s + 3. Determine b(q).
-7
Let k(f) = -f**3 - 2*f**2 + 2*f + 1. Let v be ((-15)/6 + 2)*0 - 3. Give k(v).
4
Let o(k) = -k + 2. Suppose 2*s = 7*u - 2*u - 9, 3*s - 39 = -3*u. Let d = s - 6. Suppose 3*z + 4 = -d. Determine o(z).
4
Let b(o) = o**3 + 4*o**2 - 6*o - 7. Suppose -4*s = -0*s - 60. Suppose i = -4*i - 25, -s = 4*n - i. Determine b(n).
-2
Let f(q) = 8*q - 4 - 9*q + 5 - q**2. Let w be f(-2). Let k(n) = -n**2 - n - 2. Let l(x) = x + 1. Let p(h) = k(h) + 2*l(h). Calculate p(w).
-2
Let k(a) = -2*a - 1. Let m(i) = -i**3 + 3*i**2 - 2*i + 4. Let y be m(3). Let f be 2 - 0*y/2. Let r be k(f). Let s(v) = -v**2 - 5*v - 7. Determine s(r).
-7
Let b be 2/3*42/4. Let v(h) = h**3 - 8*h**2 + 8*h - 1. Let t be v(b). Let m(s) = -s**3 + 2*s**2 - 5*s + t*s + 3*s. What is m(3)?
3
Let l(u) = -u + 5. Let d be l(6). Let a(v) = -15*v + 33. Let j(o) = -o + 2. Let n(f) = 2*a(f) - 33*j(f). Determine n(d).
-3
Let f(d) = -4 + 9 + 6*d + d**2 - 10*d. Give f(4).
5
Suppose u = -4*r - 18, 3*r + 22 = -3*u - r. Let z(w) be the third derivative of -1/30*w**5 - 3*w**2 - 1/24*w**4 + 0*w + 0 - 1/120*w**6 + 1/6*w**3. What is z(u)?
3
Let q(k) = -5*k**2 - 2*k - 1. Suppose 4 = 3*g - 7*g. Let r be q(g). Let f(v) be the first derivative of v**4/4 + 5*v**3/3 + v**2 - 2*v + 25. Calculate f(r).
6
Suppose -6*f + 11*f = 0. Let i(v) be the second derivative of 1/6*v**3 - v + f + v**2. What is i(-3)?
-1
Let q(w) = -4*w - 3. Let t = -10 + 7. Let r be (-38)/12 + t/(-18). Determine q(r).
9
Let f(a) = -a**2 + 5*a + 7. Let u be (-2 + 5)/((-9)/12). Let c(k) = -k + 1. Let w be c(u). Determine f(w).
7
Suppose k = n, -7*n + 2*n = 3*k + 40. Let t = 5 + -5. Let q(h) = t - 6*h**2 - 6*h + h**3 + 2 - 3 - 2*h**3. Calculate q(k).
4
Let k(p) = -6*p - 1. Let l(b) = 3*b + 1. Let c(h) = -4*k(h) - 9*l(h). Calculate c(-5).
10
Let f(g) = -3*g - 6. Suppose -2*m - 6 = 2. What is f(m)?
6
Let q(z) = -2*z + 15. Let i be q(5). Let f(y) = -y**3 + 5*y**2 + y - 2. What is f(i)?
3
Let u(f) = -f + 1. Suppose -8*l = -10*l - 10. What is u(l)?
6
Suppose -3 = -3*u - 12. Let j(c) be the third derivative of 1/120*c**6 - 2*c**2 + 1/3*c**3 + 0 + 1/15*c**5 + 1/24*c**4 + 0*c. Calculate j(u).
8
Let t(b) = 2*b**2 - b - 2. Let m(w) = -10*w - 5. Let p(r) = -3*r - 2. Let s(o) = 2*m(o) - 7*p(o). Suppose 6 - 4 = -l. Let n be s(l). What is t(n)?
4
Let o be (((-48)/(-9))/(-8))/(4/(-6)). Let k(c) = -2*c. Give k(o).
-2
Let k(n) = -7 - n**2 + 9 - 3*n**3 - 3*n + 5*n**3. Suppose -2*t - 6*w + 21 = -w, 2*w = -5*t + 21. Suppose t*l = -l + 8. Give k(l).
8
Suppose -m + 0*m = 0. Let n(l) = 7*l**2 + 5*l - 15. Suppose -5*d + 7 + 8 = 0. Let k(q) = 4*q**2 + 3*q - 8. Let r(w) = d*n(w) - 5*k(w). Determine r(m).
-5
Suppose 0 = -6*y + 8*y - 6. Suppose 0 = -w - y + 5. Let q(t) = 4*t**2 + t**2 + t**w + t. Determine q(1).
7
Suppose 0 = -2*i - 4*d + 102, -2*i - 3*i - d + 291 = 0. Let k(u) = i*u**2 - 52*u**2 + 3*u**3 + 6 - 2*u**3. Give k(-7).
6
Let h(n) = -n**2 + 4*n + 1. Suppose 32 + 18 = 5*o. Suppose 0 = -s - 5*p + 9 + 16, -o = -2*p. Suppose 4*w + 2*b - 6 = s, -b = -6*b - 5. Calculate h(w).
5
Let f(p) = -3*p**3 + 11*p**2 - 13*p - 14. Let k(m) = 2*m**3 - 6*m**2 + 7*m + 8. Let i(l) = -3*f(l) - 5*k(l). What is i(-4)?
2
Let v(c) = -9*c - 2 + 3*c**2 - 16 + 5 + 5. Suppose 0*y + 2*y + 9 = s, 2*s - 22 = 5*y. Let w(z) = 2*z**2 - 8*z - 7. Let d(r) = y*w(r) + 3*v(r). Determine d(-3).
-2
Let h(v) = -v**3 - 8*v**2 - 8*v - 7. Suppose 2*a - 15 = k, 2*k + 3 = -4*a + 5. Calculate h(k).
0
Suppose 0*a + 2*h + 8 = -2*a, 0 = a + 3*h + 10. Let b be a*(2 + -1) + -4. Let y(w) = 2*w + 1. What is y(b)?
-9
Let k(n) = -n. Let u(r) be the second derivative of r**3/6 + 7*r**2/2 - 6*r. Let c(w) = -k(w) + u(w). Suppose -a + 7 = -l, 7 = -3*l - 0*l - 4*a. Give c(l).
-3
Let r(f) = f - 1. Let l(d) = 3*d - 2. Let v(n) = l(n) - 4*r(n). Calculate v(1).
1
Let i(q) = 5*q**2 - 16*q - 14. Let f(o) = -o**2 + 3*o + 3. Let l(y) = 11*f(y) + 2*i(y). Give l(0).
5
Let w(k) = 1 - k**2 + 2*k**2 + 11*k**3 - 2*k**2. What is w(-1)?
-11
Let w(z) = -z**3 + 2*z**2 + z - 1. Let t be w(1). Let q = t + 2. Let y = q + -7. Let o(m) = m**2 + 7*m + 5. Give o(y).
-7
Suppose -g = 3*g + 4*u - 36, 4*u = -2*g + 22. Let z(s) = s**2 - 6*s - 8. Give z(g).
-1
Suppose 0 = -3*p + 5*d + 10, 4 = 5*d - d. Suppose 2*s - 1 = -w - 0*w, -s - 5 = -5*w. Let j(v) = 3 + s - 3*v + 3. Give j(p).
-9
Let k(v) = 4*v**3 - 2*v**2 + 1. Suppose -12 = -2*r + 2*p, -2 = 4*r + 3*p + 9. Determine k(r).
3
Let j(m) = 3*m + 2. Let p(v) = 5*v + 1. Let i(l) = -4*l - 2. Let u(c) = -3*i(c) - 2*p(c). Let g be u(-3). Calculate j(g).
-4
Let g be 0*(-2 - 5/(-2)). Suppose -i + g = 4. Let x(o) = o**3 + 4*o**2 - 2*o. Calculate x(i).
8
Suppose 4*i - 5*m + 5 - 25 = 0, 4*i = -3*m - 12. Let q(x) = x + 2. Calculate q(i).
2
Suppose 2*t = -p + 6, t + p = -4*p + 21. Let v(z) = 9*z**2 - z. Give v(t).
8
Let f(r) = 6*r - 20*r + 13*r + 11*r. What is f(-1)?
-10
Let r(s) = 5*s**2 + 4. Let n(q) = -4*q**2 - 3. Let v(x) = -6*n(x) - 5*r(x). Determine v(-2).
-6
Let p(a) = a - a**3 + 0 + 4 + 1 + 3*a**2. Suppose 0 = 4*c - 7*c - s + 30, -52 = -5*c - s. Suppose -4*j + 5 = -c. What is p(j)?
-7
Let p(f) = f - 5. Let h(m) = m**2 + 4*m + 2. Let b be h(-3). Let v = -1 - -3. Let x be v + 1 + b + 3. What is p(x)?
0
Let b = -109 - -112. Let z(c) = 4*c - 3. Determine z(b).
9
Let n(u) = -u**2 + 5*u - 6. Let y(f) = -f + 1. Let s(b) = 2*n(b) + 11*y(b). Give s(-1).
-2
Let s(f) = f**2 - 11*f + 10. Let g be s(10). Let t(j) be the third derivative of -j**4/24 + j**3/2 - j**2. Determine t(g).
3
Let a(f) be the third derivative of -f**7/840 + f**6/120 + f**5/60 + f**4/6 - f**3/3 - f**2. Let b(j) be the first derivative of a(j). Give b(4).
-4
Let g(d) = -d**3 + 4*d**2 - 3*d + 3. Let s be g(3). Let z(c) = 2*c**2 - 3*c - 4. Let k be z(s). Let p(t) = -t**3 + 6*t**2 - 4*t - 4. Calculate p(k).
1
Let y be 2 - 0/(-1 + 0). Let c(x) = x**3 - x**2 + 3*x - 3. What is c(y)?
7
Let t be (8/(-3))/4*(-3 - 0). Let w(o) be the second derivative of 0*o**t + o + 1/12*o**4 + 2/3*o**3 + 0. Determine w(-2).
-4
Let a = 4 + -4. Suppose 7*n + 11 = 2*n + 4*d, 3*n + 3*d - 15 = a. Let u(h) = -h**2 + 2*h**2 - n - 2*h - 2. Calculate u(-2).
5
Let b = -23 + 25. Let t(c) = c**3 + 1. Give t(b).
9
Suppose t - 5*t = 4. Let o(u) = 18*u**3 - u**2 + u + 1. Determine o(t).
-19
Let f(z) be the first derivative of -z**6/120 + z**4/12 + z**3/6 + 2*z**2 - 6. Let p(i) be the second derivative of f(i). Give p(2).
-3
Let j = -47 + 83. Let f be j/8 + 2/4. Let r(g) = -g. Calculate r(f).
-5
Let n(l) = l**3 - 5*l**2 + l - 7. Let s(r) = -r**3 + 8*r**2 + 5. Let f be s(8). Give n(f).
-2
Let y(p) = -12 + 0*p + 3 - p**2 + 2*p - 3*p. Let z(x) = -x**2 - 2*x - 8. Let j(u) = -2*y(u) + 3*z(u). What is j(-4)?
-6
Let o be ((-1)/2)/((-3)/30). Let s = o - 1. Let y(i) be the first derivative of i**2/2 - 1. Determine y(s).
4
Suppose -29*d - 30 = -24*d. Let u(j) = j - 1 + 0 + 0. Calculate u(d).
-7
Let t(k) = 7*k**2 - 6*k + 1 - 2*k**3 - 3*k**3 + 4*k**3. Let q be t(6). Let x(u) = -6*u + 1. Give x(q).
-5
Let g(l) = l**2 - 7*l - 4. Let d be g(8). Let s(n) = 1 - 4 + 3 + n**3 + d*n**2 + 1 + 4*n. Calculate s(-3).
-2
Let v be (11 + -10)*(3 + -1). Let o(s) = 4*s + s + 4*s**v + s**3 - 4*s - 2*s**2. Calculate o(-1).
0
Let p(u) be the first derivative of u**2/2 + 12*u + 13. Calculate p(-5).
7
Let g(x) = -x**2 - 6*x - 4. Let a = 12 - 27. Let b be (1/(-3))/(6/(-180)). Let m = a + b. Determine g(m).
1
Let l = 2 - -2. Suppose 18 = -0*t + 3*t + o, l*o = -4*t + 32. Let v(x) be the second derivative of x**5/20 - 5*x**4/12 + x**3/6 - x**2 - 5*x. Give v(t).
3
Let b = -8 - -11. Suppose q - 11 = -0*q + 3*v, -3*q - v = -b. Let i(x) = x**3 - x**2 + 3*x - 1. What is i(q)?
9
Let f = 12 - 7. Let r(y) = 3*y**2 + f*y - 5*y. Let h = 1 + 0. Determine r(h).
3
Let z(t) = -t**3 + 4*t**2 + 6*t - 7. Let c = -2 + -6. Let i = 13 + c. Determine z(i).
-2
Let v(t) be the second derivative of -3/2*t**2 + 0 + 5*t + 1/20*t**5 - 1/6*t**3 - 1/6*t**4. Determine v(3).
3
Let g = 9 + -7. Let a(t) = g*t - 7 - 7 + 6. Determine a(7).
6
Suppose 17 = -7*z + 66. Let t